[INFO] cloning repository https://github.com/Andrew-Eathan/XVM
[INFO] running `Command { std: "git" "-c" "credential.helper=" "-c" "credential.helper=/workspace/cargo-home/bin/git-credential-null" "clone" "--bare" "https://github.com/Andrew-Eathan/XVM" "/workspace/cache/git-repos/https%3A%2F%2Fgithub.com%2FAndrew-Eathan%2FXVM", kill_on_drop: false }`
[INFO] [stderr] Cloning into bare repository '/workspace/cache/git-repos/https%3A%2F%2Fgithub.com%2FAndrew-Eathan%2FXVM'...
[INFO] running `Command { std: "git" "rev-parse" "HEAD", kill_on_drop: false }`
[INFO] [stdout] 9ac80ac028e0e4cc710282f3a67423cccb9c8f59
[INFO] checking Andrew-Eathan/XVM against master#e6e4f7ed1589e03bc2f6c5931c1a72e7947e8682 for beta-170-4
[INFO] running `Command { std: "git" "clone" "/workspace/cache/git-repos/https%3A%2F%2Fgithub.com%2FAndrew-Eathan%2FXVM" "/workspace/builds/worker-0-tc2/source", kill_on_drop: false }`
[INFO] [stderr] Cloning into '/workspace/builds/worker-0-tc2/source'...
[INFO] [stderr] done.
[INFO] validating manifest of git repo https://github.com/Andrew-Eathan/XVM on toolchain e6e4f7ed1589e03bc2f6c5931c1a72e7947e8682
[INFO] running `Command { std: CARGO_HOME="/workspace/cargo-home" RUSTUP_HOME="/workspace/rustup-home" "/workspace/cargo-home/bin/cargo" "+e6e4f7ed1589e03bc2f6c5931c1a72e7947e8682" "metadata" "--manifest-path" "Cargo.toml" "--no-deps", kill_on_drop: false }`
[INFO] started tweaking git repo https://github.com/Andrew-Eathan/XVM
[INFO] finished tweaking git repo https://github.com/Andrew-Eathan/XVM
[INFO] tweaked toml for git repo https://github.com/Andrew-Eathan/XVM written to /workspace/builds/worker-0-tc2/source/Cargo.toml
[INFO] crate git repo https://github.com/Andrew-Eathan/XVM already has a lockfile, it will not be regenerated
[INFO] running `Command { std: CARGO_HOME="/workspace/cargo-home" RUSTUP_HOME="/workspace/rustup-home" "/workspace/cargo-home/bin/cargo" "+e6e4f7ed1589e03bc2f6c5931c1a72e7947e8682" "fetch" "--manifest-path" "Cargo.toml", kill_on_drop: false }`
[INFO] running `Command { std: "docker" "create" "-v" "/var/lib/crater-agent-workspace/builds/worker-0-tc2/target:/opt/rustwide/target:rw,Z" "-v" "/var/lib/crater-agent-workspace/builds/worker-0-tc2/source:/opt/rustwide/workdir:ro,Z" "-v" "/var/lib/crater-agent-workspace/cargo-home:/opt/rustwide/cargo-home:ro,Z" "-v" "/var/lib/crater-agent-workspace/rustup-home:/opt/rustwide/rustup-home:ro,Z" "-e" "SOURCE_DIR=/opt/rustwide/workdir" "-e" "CARGO_TARGET_DIR=/opt/rustwide/target" "-e" "CARGO_HOME=/opt/rustwide/cargo-home" "-e" "RUSTUP_HOME=/opt/rustwide/rustup-home" "-w" "/opt/rustwide/workdir" "-m" "1610612736" "--user" "0:0" "--network" "none" "ghcr.io/rust-lang/crates-build-env/linux@sha256:19e73879b68f455e41552ea35293514db52ea292d993f571636dbffedb77a1ee" "/opt/rustwide/cargo-home/bin/cargo" "+e6e4f7ed1589e03bc2f6c5931c1a72e7947e8682" "metadata" "--no-deps" "--format-version=1", kill_on_drop: false }`
[INFO] [stdout] 9087e7c42c0e3bc705241ed11d168f41655df00dc9f0f67df18300e3abba98f5
[INFO] running `Command { std: "docker" "start" "-a" "9087e7c42c0e3bc705241ed11d168f41655df00dc9f0f67df18300e3abba98f5", kill_on_drop: false }`
[INFO] running `Command { std: "docker" "inspect" "9087e7c42c0e3bc705241ed11d168f41655df00dc9f0f67df18300e3abba98f5", kill_on_drop: false }`
[INFO] running `Command { std: "docker" "rm" "-f" "9087e7c42c0e3bc705241ed11d168f41655df00dc9f0f67df18300e3abba98f5", kill_on_drop: false }`
[INFO] [stdout] 9087e7c42c0e3bc705241ed11d168f41655df00dc9f0f67df18300e3abba98f5
[INFO] running `Command { std: "docker" "create" "-v" "/var/lib/crater-agent-workspace/builds/worker-0-tc2/target:/opt/rustwide/target:rw,Z" "-v" "/var/lib/crater-agent-workspace/builds/worker-0-tc2/source:/opt/rustwide/workdir:ro,Z" "-v" "/var/lib/crater-agent-workspace/cargo-home:/opt/rustwide/cargo-home:ro,Z" "-v" "/var/lib/crater-agent-workspace/rustup-home:/opt/rustwide/rustup-home:ro,Z" "-e" "SOURCE_DIR=/opt/rustwide/workdir" "-e" "CARGO_TARGET_DIR=/opt/rustwide/target" "-e" "CARGO_INCREMENTAL=0" "-e" "RUST_BACKTRACE=full" "-e" "RUSTFLAGS=--cap-lints=forbid" "-e" "RUSTDOCFLAGS=--cap-lints=forbid" "-e" "CARGO_HOME=/opt/rustwide/cargo-home" "-e" "RUSTUP_HOME=/opt/rustwide/rustup-home" "-w" "/opt/rustwide/workdir" "-m" "1610612736" "--user" "0:0" "--network" "none" "ghcr.io/rust-lang/crates-build-env/linux@sha256:19e73879b68f455e41552ea35293514db52ea292d993f571636dbffedb77a1ee" "/opt/rustwide/cargo-home/bin/cargo" "+e6e4f7ed1589e03bc2f6c5931c1a72e7947e8682" "check" "--frozen" "--all" "--all-targets" "--message-format=json", kill_on_drop: false }`
[INFO] [stdout] 020464bf40c2310c9980f2de274bed9a7355e6722e8e5946e5af8ef830e75c3a
[INFO] running `Command { std: "docker" "start" "-a" "020464bf40c2310c9980f2de274bed9a7355e6722e8e5946e5af8ef830e75c3a", kill_on_drop: false }`
[INFO] [stderr]    Compiling libc v0.2.139
[INFO] [stderr]    Compiling proc-macro2 v1.0.49
[INFO] [stderr]    Compiling quote v1.0.23
[INFO] [stderr]    Compiling unicode-ident v1.0.6
[INFO] [stderr]    Compiling syn v1.0.107
[INFO] [stderr]    Compiling num-traits v0.2.15
[INFO] [stderr]    Compiling num-integer v0.1.45
[INFO] [stderr]    Compiling fnv v1.0.7
[INFO] [stderr]    Compiling ident_case v1.0.1
[INFO] [stderr]    Compiling num-rational v0.4.1
[INFO] [stderr]    Compiling num-iter v0.1.43
[INFO] [stderr]    Compiling crossbeam-utils v0.8.14
[INFO] [stderr]    Compiling cc v1.0.78
[INFO] [stderr]    Compiling parking_lot_core v0.9.6
[INFO] [stderr]    Compiling ahash v0.8.2
[INFO] [stderr]     Checking once_cell v1.17.0
[INFO] [stderr]     Checking time-core v0.1.0
[INFO] [stderr]     Checking unicode-segmentation v1.10.0
[INFO] [stderr]     Checking unicode-width v0.1.10
[INFO] [stderr]     Checking num_threads v0.1.6
[INFO] [stderr]     Checking itoa v1.0.5
[INFO] [stderr]     Checking maplit v1.0.2
[INFO] [stderr]     Checking cassowary v0.3.0
[INFO] [stderr]     Checking crossbeam-channel v0.5.6
[INFO] [stderr]    Compiling ncurses v5.101.0
[INFO] [stderr]     Checking signal-hook-registry v1.4.0
[INFO] [stderr]     Checking getrandom v0.2.8
[INFO] [stderr]     Checking mio v0.8.5
[INFO] [stderr]     Checking time v0.3.17
[INFO] [stderr]     Checking term_size v0.3.2
[INFO] [stderr]     Checking num-complex v0.4.2
[INFO] [stderr]     Checking signal-hook v0.3.14
[INFO] [stderr]     Checking parking_lot v0.12.1
[INFO] [stderr]     Checking signal-hook-mio v0.2.3
[INFO] [stderr]     Checking crossterm v0.25.0
[INFO] [stderr]     Checking pancurses v0.17.0
[INFO] [stderr]     Checking num v0.4.0
[INFO] [stderr]     Checking tui v0.19.0
[INFO] [stderr]    Compiling darling_core v0.14.2
[INFO] [stderr]    Compiling enum-map-derive v0.11.0
[INFO] [stderr]     Checking enum-map v2.4.2
[INFO] [stderr]    Compiling darling_macro v0.14.2
[INFO] [stderr]    Compiling darling v0.14.2
[INFO] [stderr]    Compiling enumset_derive v0.6.1
[INFO] [stderr]     Checking enumset v1.0.12
[INFO] [stderr]     Checking cursive_core v0.3.7
[INFO] [stderr]     Checking cursive v0.20.0
[INFO] [stderr]     Checking xvm v0.1.0 (/opt/rustwide/workdir)
[INFO] [stdout] warning: unused imports: `TextView`, `Theme`
[INFO] [stdout]  --> src/screen.rs:1:23
[INFO] [stdout]   |
[INFO] [stdout] 1 | use cursive::{views::{TextView, Canvas}, theme::{Theme, ColorStyle, Color}, view::Resizable, Printer};
[INFO] [stdout]   |                       ^^^^^^^^                   ^^^^^
[INFO] [stdout]   |
[INFO] [stdout]   = note: `#[warn(unused_imports)]` on by default
[INFO] [stdout] 
[INFO] [stdout] 
[INFO] [stdout] warning: unused import: `crate::processor::XCPU`
[INFO] [stdout]  --> src/screen.rs:3:5
[INFO] [stdout]   |
[INFO] [stdout] 3 | use crate::processor::XCPU;
[INFO] [stdout]   |     ^^^^^^^^^^^^^^^^^^^^^^
[INFO] [stdout] 
[INFO] [stdout] 
[INFO] [stdout] warning: unused imports: `TextView`, `Theme`
[INFO] [stdout]  --> src/screen.rs:1:23
[INFO] [stdout]   |
[INFO] [stdout] 1 | use cursive::{views::{TextView, Canvas}, theme::{Theme, ColorStyle, Color}, view::Resizable, Printer};
[INFO] [stdout]   |                       ^^^^^^^^                   ^^^^^
[INFO] [stdout]   |
[INFO] [stdout]   = note: `#[warn(unused_imports)]` on by default
[INFO] [stdout] 
[INFO] [stdout] 
[INFO] [stdout] warning: unused import: `crate::processor::XCPU`
[INFO] [stdout]  --> src/screen.rs:3:5
[INFO] [stdout]   |
[INFO] [stdout] 3 | use crate::processor::XCPU;
[INFO] [stdout]   |     ^^^^^^^^^^^^^^^^^^^^^^
[INFO] [stdout] 
[INFO] [stdout] 
[INFO] [stdout] error[E0308]: mismatched types
[INFO] [stdout]   --> src/screen.rs:68:33
[INFO] [stdout]    |
[INFO] [stdout] 68 |         self.mem = vec![vec![0; width]; height];
[INFO] [stdout]    |                         --------^^^^^-
[INFO] [stdout]    |                         |       |
[INFO] [stdout]    |                         |       expected `usize`, found `u16`
[INFO] [stdout]    |                         arguments to this function are incorrect
[INFO] [stdout]    |
[INFO] [stdout] note: function defined here
[INFO] [stdout]   --> /rustc/e6e4f7ed1589e03bc2f6c5931c1a72e7947e8682/library/alloc/src/vec/mod.rs:2549:8
[INFO] [stdout] help: you can convert a `u16` to a `usize`
[INFO] [stdout]    |
[INFO] [stdout] 68 |         self.mem = vec![vec![0; width.into()]; height];
[INFO] [stdout]    |                                      +++++++
[INFO] [stdout] 
[INFO] [stdout] 
[INFO] [stdout] error[E0308]: mismatched types
[INFO] [stdout]   --> src/screen.rs:68:41
[INFO] [stdout]    |
[INFO] [stdout] 68 |         self.mem = vec![vec![0; width]; height];
[INFO] [stdout]    |                    ---------------------^^^^^^-
[INFO] [stdout]    |                    |                    |
[INFO] [stdout]    |                    |                    expected `usize`, found `u16`
[INFO] [stdout]    |                    arguments to this function are incorrect
[INFO] [stdout]    |
[INFO] [stdout] note: function defined here
[INFO] [stdout]   --> /rustc/e6e4f7ed1589e03bc2f6c5931c1a72e7947e8682/library/alloc/src/vec/mod.rs:2549:8
[INFO] [stdout] help: you can convert a `u16` to a `usize`
[INFO] [stdout]    |
[INFO] [stdout] 68 |         self.mem = vec![vec![0; width]; height.into()];
[INFO] [stdout]    |                                               +++++++
[INFO] [stdout] 
[INFO] [stdout] 
[INFO] [stdout] error[E0061]: this method takes 2 arguments but 3 arguments were supplied
[INFO] [stdout]   --> src/main.rs:28:12
[INFO] [stdout]    |
[INFO] [stdout] 28 |     screen.initialise(60, 20, 0xb8000);
[INFO] [stdout]    |            ^^^^^^^^^^       ---------
[INFO] [stdout]    |                             | |
[INFO] [stdout]    |                             | unexpected argument of type `{integer}`
[INFO] [stdout]    |                             help: remove the extra argument
[INFO] [stdout]    |
[INFO] [stdout] note: method defined here
[INFO] [stdout]   --> src/screen.rs:65:12
[INFO] [stdout]    |
[INFO] [stdout] 65 |     pub fn initialise(&mut self, width: u16, height: u16) {
[INFO] [stdout]    |            ^^^^^^^^^^            ----------  -----------
[INFO] [stdout] 
[INFO] [stdout] 
[INFO] [stdout] error[E0308]: mismatched types
[INFO] [stdout]   --> src/screen.rs:68:33
[INFO] [stdout]    |
[INFO] [stdout] 68 |         self.mem = vec![vec![0; width]; height];
[INFO] [stdout]    |                         --------^^^^^-
[INFO] [stdout]    |                         |       |
[INFO] [stdout]    |                         |       expected `usize`, found `u16`
[INFO] [stdout]    |                         arguments to this function are incorrect
[INFO] [stdout]    |
[INFO] [stdout] note: function defined here
[INFO] [stdout]   --> /rustc/e6e4f7ed1589e03bc2f6c5931c1a72e7947e8682/library/alloc/src/vec/mod.rs:2549:8
[INFO] [stdout] help: you can convert a `u16` to a `usize`
[INFO] [stdout]    |
[INFO] [stdout] 68 |         self.mem = vec![vec![0; width.into()]; height];
[INFO] [stdout]    |                                      +++++++
[INFO] [stdout] 
[INFO] [stdout] 
[INFO] [stdout] error[E0308]: mismatched types
[INFO] [stdout]   --> src/screen.rs:68:41
[INFO] [stdout]    |
[INFO] [stdout] 68 |         self.mem = vec![vec![0; width]; height];
[INFO] [stdout]    |                    ---------------------^^^^^^-
[INFO] [stdout]    |                    |                    |
[INFO] [stdout]    |                    |                    expected `usize`, found `u16`
[INFO] [stdout]    |                    arguments to this function are incorrect
[INFO] [stdout]    |
[INFO] [stdout] note: function defined here
[INFO] [stdout]   --> /rustc/e6e4f7ed1589e03bc2f6c5931c1a72e7947e8682/library/alloc/src/vec/mod.rs:2549:8
[INFO] [stdout] help: you can convert a `u16` to a `usize`
[INFO] [stdout]    |
[INFO] [stdout] 68 |         self.mem = vec![vec![0; width]; height.into()];
[INFO] [stdout]    |                                               +++++++
[INFO] [stdout] 
[INFO] [stdout] 
[INFO] [stdout] error[E0061]: this method takes 2 arguments but 3 arguments were supplied
[INFO] [stdout]   --> src/main.rs:28:12
[INFO] [stdout]    |
[INFO] [stdout] 28 |     screen.initialise(60, 20, 0xb8000);
[INFO] [stdout]    |            ^^^^^^^^^^       ---------
[INFO] [stdout]    |                             | |
[INFO] [stdout]    |                             | unexpected argument of type `{integer}`
[INFO] [stdout]    |                             help: remove the extra argument
[INFO] [stdout]    |
[INFO] [stdout] note: method defined here
[INFO] [stdout]   --> src/screen.rs:65:12
[INFO] [stdout]    |
[INFO] [stdout] 65 |     pub fn initialise(&mut self, width: u16, height: u16) {
[INFO] [stdout]    |            ^^^^^^^^^^            ----------  -----------
[INFO] [stdout] 
[INFO] [stdout] 
[INFO] [stdout] error: aborting due to 3 previous errors; 2 warnings emitted
[INFO] [stdout] 
[INFO] [stdout] 
[INFO] [stdout] Some errors have detailed explanations: E0061, E0308.
[INFO] [stdout] 
[INFO] [stdout] For more information about an error, try `rustc --explain E0061`.
[INFO] [stdout] 
[INFO] [stdout] error: aborting due to 3 previous errors; 2 warnings emitted
[INFO] [stdout] 
[INFO] [stdout] 
[INFO] [stdout] Some errors have detailed explanations: E0061, E0308.
[INFO] [stdout] 
[INFO] [stdout] For more information about an error, try `rustc --explain E0061`.
[INFO] [stdout] 
[INFO] [stderr] error: could not compile `xvm` (bin "xvm" test) due to 4 previous errors; 2 warnings emitted
[INFO] [stderr] warning: build failed, waiting for other jobs to finish...
[INFO] [stderr] error: could not compile `xvm` (bin "xvm") due to 4 previous errors; 2 warnings emitted
[INFO] running `Command { std: "docker" "inspect" "020464bf40c2310c9980f2de274bed9a7355e6722e8e5946e5af8ef830e75c3a", kill_on_drop: false }`
[INFO] running `Command { std: "docker" "rm" "-f" "020464bf40c2310c9980f2de274bed9a7355e6722e8e5946e5af8ef830e75c3a", kill_on_drop: false }`
[INFO] [stdout] 020464bf40c2310c9980f2de274bed9a7355e6722e8e5946e5af8ef830e75c3a
